{"id":547,"date":"2019-08-17T17:53:34","date_gmt":"2019-08-17T17:53:34","guid":{"rendered":"http:\/\/murermesterdarlyng.dk\/?page_id=547"},"modified":"2019-08-17T18:11:46","modified_gmt":"2019-08-17T18:11:46","slug":"farvefiltsning","status":"publish","type":"page","link":"https:\/\/murermesterdarlyng.dk\/?page_id=547","title":{"rendered":"FARVEFILTSNING"},"content":{"rendered":"\n<div class=\"wp-block-jetpack-slideshow aligncenter\" data-effect=\"slide\"><div class=\"wp-block-jetpack-slideshow_container swiper-container\"><ul class=\"wp-block-jetpack-slideshow_swiper-wrapper swiper-wrapper\"><li class=\"wp-block-jetpack-slideshow_slide swiper-slide\"><figure><img decoding=\"async\" loading=\"lazy\" width=\"1024\" height=\"768\" alt=\"\" class=\"wp-block-jetpack-slideshow_image wp-image-558\" data-id=\"558\" src=\"http:\/\/murermesterdarlyng.dk\/wp-content\/uploads\/2019\/08\/FARVEFILTS-18-3-1024x768.jpg\" srcset=\"https:\/\/murermesterdarlyng.dk\/wp-content\/uploads\/2019\/08\/FARVEFILTS-18-3-1024x768.jpg 1024w, https:\/\/murermesterdarlyng.dk\/wp-content\/uploads\/2019\/08\/FARVEFILTS-18-3-300x225.jpg 300w, https:\/\/murermesterdarlyng.dk\/wp-content\/uploads\/2019\/08\/FARVEFILTS-18-3-768x576.jpg 768w, https:\/\/murermesterdarlyng.dk\/wp-content\/uploads\/2019\/08\/FARVEFILTS-18-3-507x380.jpg 507w\" sizes=\"(max-width: 1024px) 100vw, 1024px\" \/><\/figure><\/li><li class=\"wp-block-jetpack-slideshow_slide swiper-slide\"><figure><img decoding=\"async\" loading=\"lazy\" width=\"1024\" height=\"768\" alt=\"\" class=\"wp-block-jetpack-slideshow_image wp-image-557\" data-id=\"557\" src=\"http:\/\/murermesterdarlyng.dk\/wp-content\/uploads\/2019\/08\/FARVEFILTS-18-2-1024x768.jpg\" srcset=\"https:\/\/murermesterdarlyng.dk\/wp-content\/uploads\/2019\/08\/FARVEFILTS-18-2-1024x768.jpg 1024w, https:\/\/murermesterdarlyng.dk\/wp-content\/uploads\/2019\/08\/FARVEFILTS-18-2-300x225.jpg 300w, https:\/\/murermesterdarlyng.dk\/wp-content\/uploads\/2019\/08\/FARVEFILTS-18-2-768x576.jpg 768w, https:\/\/murermesterdarlyng.dk\/wp-content\/uploads\/2019\/08\/FARVEFILTS-18-2-507x380.jpg 507w\" sizes=\"(max-width: 1024px) 100vw, 1024px\" \/><\/figure><\/li><li class=\"wp-block-jetpack-slideshow_slide swiper-slide\"><figure><img decoding=\"async\" loading=\"lazy\" width=\"1024\" height=\"768\" alt=\"\" class=\"wp-block-jetpack-slideshow_image wp-image-560\" data-id=\"560\" src=\"http:\/\/murermesterdarlyng.dk\/wp-content\/uploads\/2019\/08\/FARVEFILTS-18-5-1024x768.jpg\" srcset=\"https:\/\/murermesterdarlyng.dk\/wp-content\/uploads\/2019\/08\/FARVEFILTS-18-5-1024x768.jpg 1024w, https:\/\/murermesterdarlyng.dk\/wp-content\/uploads\/2019\/08\/FARVEFILTS-18-5-300x225.jpg 300w, https:\/\/murermesterdarlyng.dk\/wp-content\/uploads\/2019\/08\/FARVEFILTS-18-5-768x576.jpg 768w, https:\/\/murermesterdarlyng.dk\/wp-content\/uploads\/2019\/08\/FARVEFILTS-18-5-507x380.jpg 507w\" sizes=\"(max-width: 1024px) 100vw, 1024px\" \/><\/figure><\/li><li class=\"wp-block-jetpack-slideshow_slide swiper-slide\"><figure><img decoding=\"async\" loading=\"lazy\" width=\"1024\" height=\"768\" alt=\"\" class=\"wp-block-jetpack-slideshow_image wp-image-556\" data-id=\"556\" src=\"http:\/\/murermesterdarlyng.dk\/wp-content\/uploads\/2019\/08\/FARVEFILTS-18-1-1024x768.jpg\" srcset=\"https:\/\/murermesterdarlyng.dk\/wp-content\/uploads\/2019\/08\/FARVEFILTS-18-1-1024x768.jpg 1024w, https:\/\/murermesterdarlyng.dk\/wp-content\/uploads\/2019\/08\/FARVEFILTS-18-1-300x225.jpg 300w, https:\/\/murermesterdarlyng.dk\/wp-content\/uploads\/2019\/08\/FARVEFILTS-18-1-768x576.jpg 768w, https:\/\/murermesterdarlyng.dk\/wp-content\/uploads\/2019\/08\/FARVEFILTS-18-1-507x380.jpg 507w\" sizes=\"(max-width: 1024px) 100vw, 1024px\" \/><\/figure><\/li><li class=\"wp-block-jetpack-slideshow_slide swiper-slide\"><figure><img decoding=\"async\" loading=\"lazy\" width=\"1024\" height=\"768\" alt=\"\" class=\"wp-block-jetpack-slideshow_image wp-image-559\" data-id=\"559\" src=\"http:\/\/murermesterdarlyng.dk\/wp-content\/uploads\/2019\/08\/FARVEFILTS-18-4-1024x768.jpg\" srcset=\"https:\/\/murermesterdarlyng.dk\/wp-content\/uploads\/2019\/08\/FARVEFILTS-18-4-1024x768.jpg 1024w, https:\/\/murermesterdarlyng.dk\/wp-content\/uploads\/2019\/08\/FARVEFILTS-18-4-300x225.jpg 300w, https:\/\/murermesterdarlyng.dk\/wp-content\/uploads\/2019\/08\/FARVEFILTS-18-4-768x576.jpg 768w, https:\/\/murermesterdarlyng.dk\/wp-content\/uploads\/2019\/08\/FARVEFILTS-18-4-507x380.jpg 507w\" sizes=\"(max-width: 1024px) 100vw, 1024px\" \/><\/figure><\/li><li class=\"wp-block-jetpack-slideshow_slide swiper-slide\"><figure><img decoding=\"async\" loading=\"lazy\" width=\"1024\" height=\"768\" alt=\"\" class=\"wp-block-jetpack-slideshow_image wp-image-562\" data-id=\"562\" src=\"http:\/\/murermesterdarlyng.dk\/wp-content\/uploads\/2019\/08\/FARVEFILTS-18-7-1024x768.jpg\" srcset=\"https:\/\/murermesterdarlyng.dk\/wp-content\/uploads\/2019\/08\/FARVEFILTS-18-7-1024x768.jpg 1024w, https:\/\/murermesterdarlyng.dk\/wp-content\/uploads\/2019\/08\/FARVEFILTS-18-7-300x225.jpg 300w, https:\/\/murermesterdarlyng.dk\/wp-content\/uploads\/2019\/08\/FARVEFILTS-18-7-768x576.jpg 768w, https:\/\/murermesterdarlyng.dk\/wp-content\/uploads\/2019\/08\/FARVEFILTS-18-7-507x380.jpg 507w\" sizes=\"(max-width: 1024px) 100vw, 1024px\" \/><\/figure><\/li><\/ul><a class=\"wp-block-jetpack-slideshow_button-prev swiper-button-prev swiper-button-white\" role=\"button\"><\/a><a class=\"wp-block-jetpack-slideshow_button-next swiper-button-next swiper-button-white\" role=\"button\"><\/a><a aria-label=\"Pause Slideshow\" class=\"wp-block-jetpack-slideshow_button-pause\" role=\"button\"><\/a><div class=\"wp-block-jetpack-slideshow_pagination swiper-pagination swiper-pagination-white\"><\/div><\/div><\/div>\n\n\n\n<p><strong>TR\u00c6NGER DIN FACADE TIL EN K\u00c6RLIG H\u00c5ND?<\/strong><br \/>Vi udf\u00f8rer alt fra netpuds til udbedring af meget skadede facader, alm facadepuds, til favefiltsning, som vist her.<br \/>Det er en god, holdbar og flot l\u00f8sning, der giver en l\u00e6kker levende overflade, og hvor man slipper for at skulle male, da der er farve i det tyndpuds man tr\u00e6kker p\u00e5.<br \/>Se hvordan huset fuldst\u00e6ndig \u00e6ndrer karakter.<\/p>\n","protected":false},"excerpt":{"rendered":"<p>TR\u00c6NGER DIN FACADE TIL EN K\u00c6RLIG H\u00c5ND?Vi udf\u00f8rer alt fra netpuds til udbedring af meget skadede facader, alm facadepuds, til favefiltsning, som vist her.Det er en god, holdbar og flot l\u00f8sning, der giver en l\u00e6kker levende overflade, og hvor man slipper for at skulle male, da der er farve i det tyndpuds man tr\u00e6kker p\u00e5.Se &hellip; <a href=\"https:\/\/murermesterdarlyng.dk\/?page_id=547\" class=\"more-link\">Continue reading <span class=\"screen-reader-text\">FARVEFILTSNING<\/span><\/a><\/p>\n","protected":false},"author":3,"featured_media":0,"parent":0,"menu_order":6,"comment_status":"closed","ping_status":"closed","template":"","meta":{"_mi_skip_tracking":false,"jetpack_post_was_ever_published":false},"jetpack_likes_enabled":false,"jetpack-related-posts":[],"jetpack_sharing_enabled":true,"jetpack_shortlink":"https:\/\/wp.me\/P6Sktm-8P","_links":{"self":[{"href":"https:\/\/murermesterdarlyng.dk\/index.php?rest_route=\/wp\/v2\/pages\/547"}],"collection":[{"href":"https:\/\/murermesterdarlyng.dk\/index.php?rest_route=\/wp\/v2\/pages"}],"about":[{"href":"https:\/\/murermesterdarlyng.dk\/index.php?rest_route=\/wp\/v2\/types\/page"}],"author":[{"embeddable":true,"href":"https:\/\/murermesterdarlyng.dk\/index.php?rest_route=\/wp\/v2\/users\/3"}],"replies":[{"embeddable":true,"href":"https:\/\/murermesterdarlyng.dk\/index.php?rest_route=%2Fwp%2Fv2%2Fcomments&post=547"}],"version-history":[{"count":4,"href":"https:\/\/murermesterdarlyng.dk\/index.php?rest_route=\/wp\/v2\/pages\/547\/revisions"}],"predecessor-version":[{"id":568,"href":"https:\/\/murermesterdarlyng.dk\/index.php?rest_route=\/wp\/v2\/pages\/547\/revisions\/568"}],"wp:attachment":[{"href":"https:\/\/murermesterdarlyng.dk\/index.php?rest_route=%2Fwp%2Fv2%2Fmedia&parent=547"}],"curies":[{"name":"wp","href":"https:\/\/api.w.org\/{rel}","templated":true}]}}